{"id":4071,"date":"2023-03-07T11:27:29","date_gmt":"2023-03-07T11:27:29","guid":{"rendered":"https:\/\/www.beroeder.com\/?page_id=4071"},"modified":"2024-09-04T14:25:17","modified_gmt":"2024-09-04T14:25:17","slug":"politica-de-privacidad","status":"publish","type":"page","link":"https:\/\/beroeder.com\/eus\/politica-de-privacidad\/","title":{"rendered":"Pribatutasun Politika"},"content":{"rendered":"<div data-elementor-type=\"wp-page\" data-elementor-id=\"4071\" class=\"elementor elementor-4071\" data-elementor-post-type=\"page\">\n\t\t\t\t\t\t<section class=\"elementor-section elementor-top-section elementor-element elementor-element-02b13de elementor-section-boxed elementor-section-height-default elementor-section-height-default\" data-id=\"02b13de\" data-element_type=\"section\">\r\n\t\t\t\t\t\t<div class=\"elementor-container elementor-column-gap-thegem\"><div class=\"elementor-row\">\r\n\t\t\t\t\t<div class=\"elementor-column elementor-col-100 elementor-top-column elementor-element elementor-element-5035c50\" data-id=\"5035c50\" data-element_type=\"column\">\n\t\t\t<div class=\"elementor-widget-wrap elementor-element-populated\">\n\t\t\t\t\t\t<div class=\"elementor-element elementor-element-fab410b flex-horizontal-align-default flex-horizontal-align-tablet-default flex-horizontal-align-mobile-default flex-vertical-align-default flex-vertical-align-tablet-default flex-vertical-align-mobile-default elementor-widget elementor-widget-text-editor\" data-id=\"fab410b\" data-element_type=\"widget\" data-widget_type=\"text-editor.default\">\n\t\t\t\t<div class=\"elementor-widget-container\">\n\t\t\t\t\t\t\t\t\t\t<div class=\"elementor-text-editor elementor-clearfix\">\r\n\t\t\t\t\t\t<p>En cumplimiento de la Ley Org\u00e1nica 15\/1999, de 13 de diciembre, de Protecci\u00f3n de Datos de Car\u00e1cter Personal (LOPD), le informamos que los datos personales que nos suministre a trav\u00e9s de la web https:\/\/beroeder.com\/, ser\u00e1n tratados de forma confidencial y pasar\u00e1n a formar parte de un fichero automatizado titularidad de Bero Eder Instalaciones SL,\u00a0 Ixer, 20 Bajo, Amorebieta-Etxano, Bizkaia.<\/p><p>Todos los datos de car\u00e1cter personal facilitados a Bero Eder Instalaciones SL ser\u00e1n tratados de acuerdo con la Ley Org\u00e1nica 15\/1999 de 13 de diciembre de Protecci\u00f3n de Datos de Car\u00e1cter Personal y el RD 1720\/2007 de 21 de diciembre.<\/p><p>Los datos son recabados para la administraci\u00f3n general y mantenimiento de la web, resoluci\u00f3n de consultas o reclamaciones de clientes y usuarios, gesti\u00f3n de los pedidos o encargos realizadas a trav\u00e9s de la p\u00e1gina web, informaci\u00f3n sobre ofertas y nuevos productos.<\/p><p>Siempre que el Usuario no se oponga expresamente, procederemos a remitirle informaci\u00f3n comercial relacionada con los servicios de Bero Eder Instalaciones SL. Si no desea recibir publicidad puede indicarlo v\u00eda email en la direcci\u00f3n electr\u00f3nica: <a href=\"mailto:info@beroeder.com\">info@beroeder.com<\/a>.<\/p><p>Bero Eder Instalaciones SL se compromete a proteger la informaci\u00f3n confidencial a la que tenga acceso.<\/p><p>El Usuario certifica que es mayor de 14 a\u00f1os y que posee la capacidad legal necesaria para la prestaci\u00f3n del consentimiento en cuanto al tratamiento de sus datos de car\u00e1cter personal y todo ello, de conformidad con lo establecido en la presente Pol\u00edtica de Privacidad.<\/p><p>El Usuario podr\u00e1 ejercitar los derechos de acceso, rectificaci\u00f3n, cancelaci\u00f3n y oposici\u00f3n sobre sus datos personales as\u00ed como el de revocaci\u00f3n del consentimiento para cualquier de las finalidades antes se\u00f1aladas, enviando a Bero Eder Instalaciones SL carta debidamente firmada a nuestra direcci\u00f3n postal o electr\u00f3nica donde consten claramente los datos de contacto, a la cual deber\u00e1 acompa\u00f1arse fotocopia de su DNI\/NIF o documento que acredite su identidad.<\/p><p>El Usuario autoriza al tratamiento automatizado de los datos personales suministrados en los t\u00e9rminos indicados cuando al consignar sus datos, acepta esta POL\u00cdTICA DE PRIVACIDAD.<\/p>\t\t\t\t\t\t\t<\/div>\r\n\t\t\t\t\t\t\t\t<\/div>\n\t\t\t\t<\/div>\n\t\t\t\t\t<\/div>\n\t\t<\/div>\n\t\t\t\t\t<\/div><\/div>\r\n\t\t<\/section>\r\n\t\t\t\t<\/div>","protected":false},"excerpt":{"rendered":"<p>En cumplimiento de la Ley Org\u00e1nica 15\/1999, de 13 de diciembre, de Protecci\u00f3n de Datos de Car\u00e1cter Personal (LOPD), le&#8230;<\/p>","protected":false},"author":1,"featured_media":0,"parent":0,"menu_order":0,"comment_status":"closed","ping_status":"closed","template":"page-fullwidth.php","meta":{"footnotes":""},"class_list":["post-4071","page","type-page","status-publish"],"_links":{"self":[{"href":"https:\/\/beroeder.com\/eus\/wp-json\/wp\/v2\/pages\/4071","targetHints":{"allow":["GET"]}}],"collection":[{"href":"https:\/\/beroeder.com\/eus\/wp-json\/wp\/v2\/pages"}],"about":[{"href":"https:\/\/beroeder.com\/eus\/wp-json\/wp\/v2\/types\/page"}],"author":[{"embeddable":true,"href":"https:\/\/beroeder.com\/eus\/wp-json\/wp\/v2\/users\/1"}],"replies":[{"embeddable":true,"href":"https:\/\/beroeder.com\/eus\/wp-json\/wp\/v2\/comments?post=4071"}],"version-history":[{"count":13,"href":"https:\/\/beroeder.com\/eus\/wp-json\/wp\/v2\/pages\/4071\/revisions"}],"predecessor-version":[{"id":4746,"href":"https:\/\/beroeder.com\/eus\/wp-json\/wp\/v2\/pages\/4071\/revisions\/4746"}],"wp:attachment":[{"href":"https:\/\/beroeder.com\/eus\/wp-json\/wp\/v2\/media?parent=4071"}],"curies":[{"name":"wp","href":"https:\/\/api.w.org\/{rel}","templated":true}]}}